(n) = n**3 - 10*n**2 - 15*n + 64. Let g be k(31). Suppose -11*y - 9*y + g = 0. What is the units digit of y?
9
Let v(m) = 3*m**2 + 36*m + 5. Let u be v(-12). Let y be -3*(-135 - (2 - 1)). Suppose -n = -u*k - 92, -6*n + y = -n + k. What is the units digit of n?
2
Let d be -3*7/(-42)*-20. Let l(h) = 4*h**2 + 48. What is the hundreds digit of l(d)?
4
Suppose -188*t - 47672 = -192*t - 2*u, -5*t - 4*u = -59590. What is the ten thousands digit of t?
1
Let d = 3501 + -2412. Let l = 2130 - d. What is the thousands digit of l?
1
Let w(f) = -14*f + 22. Suppose -3*z + 263 = a, 0*a + 5*a + 5*z = 1345. Let s be ((-4)/(-14) - a/(-224))*-10. What is the hundreds digit of w(s)?
2
Let a be (25 + -31)/((-1)/(-4) - 0). Let t = 27 + a. Suppose 3*x + t*x = 240. What is the tens digit of x?
4
Suppose -40 = -22*r + 2*r. Suppose 0 = -j - 2*g + 159, 0 = -5*j - r*g - 127 + 930. What is the units digit of j?
1
What is the hundreds digit of ((-84)/(-56))/(((-22)/(-11))/(1 + 6723))?
0
Suppose 79716 = 362*u - 310*u. What is the hundreds digit of u?
5
Let g(p) be the first derivative of p**5/60 + p**4/3 + 4*p**3 + 15*p**2/2 + 11. Let h(j) be the second derivative of g(j). What is the units digit of h(-10)?
4
Suppose -7*n + 3*n + 6888 = 0. Suppose 13*f - n = 6*f. Suppose 2*i - 206 = 4*h, -6*h = 2*i - 2*h - f. What is the tens digit of i?
1
What is the thousands digit of (7893/(-18) + -3)/(775/(-770) + 1)?
7
Suppose -26*s + 22*s = 3*z - 16459, -25 = 5*s. What is the units digit of z?
3
Let m(g) = -1797*g - 3315. What is the tens digit of m(-6)?
6
Suppose 0 = -w - 6*z + z + 5480, w = 2*z + 5494. What is the hundreds digit of w?
4
Suppose 2*g + 5*t - 10 = 0, -g = t - 0*t + 1. Suppose -2*l + 77 + 91 = 0. Let b = l + g. What is the units digit of b?
9
Let i be 470/(-3) + 4/6. Let y = i + 225. What is the units digit of y?
9
Suppose -5*m - 57 + 17 = 0. Let t(g) = -3*g - 29. Let x be t(m). Let p = x - -52. What is the tens digit of p?
4
Suppose 0 = -4*p - 284 - 1848. Let t(s) = -12*s**2 + 7*s + 1. Let y be t(5). Let f = y - p. What is the units digit of f?
9
Let q be (8/6)/(4/6). Let s be (4/(-3))/(q/(-114)). Suppose 0 = -4*z + s + 88. What is the units digit of z?
1
Suppose -553*w + 550*w + 17394 = 0. What is the thousands digit of w?
5
Suppose 5*w + 14 - 4 = 0, 2*t = 3*w. Let q be 37/5 + t - (-4)/(-10). What is the units digit of ((-9)/(-3) - 114/q)*-2?
1
Let x(v) = 6*v - 19*v - 12 + 1. Suppose 0 = -3*k - 123 + 111. What is the tens digit of x(k)?
4
Let c be 3 + (-1 - -1) + 42/(-6). What is the hundreds digit of (-6)/(c + -2) + 118?
1
Suppose -126*m + 1061479 + 850194 = 619669. What is the ten thousands digit of m?
1
Let x(b) = 5*b**2 - 25*b - 6. Let a be x(11). What is the tens digit of 8/(-36) - (-9)/(a/11744)?
2
Let n = -148 + 153. Suppose 3*i - 2472 + 861 = -n*s, 0 = 2*s + 6. What is the tens digit of i?
4
Let o = 894 - 318. Suppose -19*z = -o - 1229. What is the units digit of z?
5
Let a(l) = 3*l**2 + l - 6. Suppose 4*m + 3*i = -m - 306, -5*m = 2*i + 304. Let c = m + 62. What is the units digit of a(c)?
8
Let f be -2 + (30 + 0)/(-6). What is the hundreds digit of (f - -6)/(2/(-726))?
3
Let f be (6250/(-75))/((-1)/3). Suppose -79 = -x + f. Suppose -x = -6*t + 199. What is the tens digit of t?
8
Let s be (-1)/(-3) - (-104)/39 - 3. Suppose 158 = -s*b - b. Let u = -20 - b. What is the hundreds digit of u?
1
Suppose 7*h - 9 = 10*h, -3*j = 2*h - 30852. What is the tens digit of j?
8
Suppose -5*d = 30 - 5. Let l be -3 + (d - -4) + 75/(-3). Let g = l - -37. What is the units digit of g?
8
Let f(p) = 2*p**2 + 1. Suppose -5 = -3*o - t - 0*t, -5*t = -5*o + 15. Suppose -4*h = -3*j - 37, 4*j + o = -h - 3. What is the tens digit of f(h)?
9
Suppose -564*t + 580 = -559*t. What is the tens digit of t?
1
Suppose -19*s - 7*s + 130 = 0. Suppose -b + 664 = -s*j, -3*b + j + 781 = -1155. What is the tens digit of b?
4
Let c(t) = -3*t + 24. Let s be c(16). Let p(r) = 2*r**2 + 35*r + 54. What is the hundreds digit of p(s)?
3
Let d(c) = 2*c**2 - 4*c + 10. Let x(o) be the first derivative of -o**3/3 - o**2 + 3*o + 8. Let k be x(-4). What is the units digit of d(k)?
0
Let a = 29 - 28. Let q be (-4)/(-6)*(276 + (6 - 3)). Let z = a + q. What is the hundreds digit of z?
1
Let z be 6696/30 + 3 + 2/(-10). What is the tens digit of ((-105)/(-10))/7*z?
3
Suppose -1 = n + 2. Let v be (n - (1 - (5 + -3)))/(-1). Suppose -v*i + 3*a = -215, -2*i - i + 5*a + 321 = 0. What is the units digit of i?
2
Let x = 255 - 387. Let u be ((-22)/(-8))/(3/x*-1). Let y = -32 + u. What is the units digit of y?
9
Let h(d) = 286*d + 560. What is the units digit of h(12)?
2
Let l(q) = q**3 - 10*q**2 + 19*q + 9. Let w be l(5). Let f(z) = -z**3 - 20*z**2 + 15*z + 9. What is the units digit of f(w)?
5
Let z(a) = a**2 + 18*a + 43. Let y be z(-20). Let g(s) = 2*s**3 - s**2 + 1. Let n be g(1). Let v = n + y. What is the tens digit of v?
8
Suppose 5*u - s - 30 = 0, 2*u + 17 = 3*u + 2*s. Suppose u*v - 2772 = v. What is the tens digit of ((-3)/9)/((-7)/v)?
2
Suppose -q = -m - 35 - 126, -2*m = q - 173. Suppose 139*b - q = 142*b. Let c = b + 63. What is the units digit of c?
8
Let y(x) = -x**3 + 3*x**2 - x + 1. Let u be y(2). Let d = -1 - u. Let v(q) = -q**3 - 3*q**2 + 2*q + 7. What is the units digit of v(d)?
5
Suppose 77*y + 1100456 = 249*y. What is the thousands digit of y?
6
Let o(c) = -5*c + 4. Let i be o(0). What is the tens digit of 2 - 3 - -51*i?
0
Let y(o) = -o**3 + 70*o**2 + 627*o - 562. What is the hundreds digit of y(76)?
4
Suppose -5241 = 3*t - 3*c, -9013 + 282 = 5*t - 3*c. Let b = 2524 + t. What is the units digit of b?
9
Let b(m) = -10*m + 38. Let s be b(3). Suppose -83 = -s*j + 101. What is the units digit of j?
3
Suppose 2*g = -16 - 8. Let c(r) = -r**3 - 12*r**2 - 29*r + 5. What is the hundreds digit of c(g)?
3
Let n = -19834 - -23321. What is the hundreds digit of n?
4
Let b(p) = p**2 + 7*p - 5. Suppose l = 3*l + 20. Let g be b(l). Let z = 14 + g. What is the units digit of z?
9
Let s(j) = 5064*j - 2822. What is the tens digit of s(5)?
9
Suppose 11*f - 178529 = -22*f + 232288. What is the tens digit of f?
4
Suppose 0 = 358*a - 3460063 - 1347161. What is the thousands digit of a?
3
What is the units digit of 0 + 35796/7 + (10 - (-408)/(-42))?
4
Suppose -199750 = -23*n - 34*n + 10*n. What is the hundreds digit of n?
2
Suppose -23*b + 361127 = -32*b + 1139474. What is the thousands digit of b?
6
Let w = -34 - -64. Let p be ((-24)/w)/((-2)/(-50)). What is the units digit of (-3)/4 - 155/p?
7
Let f(j) = -1145*j - 2245. What is the thousands digit of f(-7)?
5
Suppose -2*k + 685 + 159 = 0. Suppose -3*p - g + 215 = -k, 2*p + 2*g - 422 = 0. What is the hundreds digit of p?
2
Suppose -354*b = -359*b - 17690. What is the units digit of (b/116)/(((-3)/38)/3)?
9
Let h = 4 + -2. Suppose 468 = s + h*s. What is the hundreds digit of s?
1
Let n(b) = -10*b**2 + 5*b + 1. Let d be n(1). What is the units digit of d/6 + (-774)/(-27)?
8
Let k = 171 + -425. Let o = 614 - k. What is the tens digit of o?
6
Suppose 5*b - 37807 = -3*w, -58 + 22 = 6*w. What is the tens digit of b?
6
Suppose -154*i - 145640 = -176*i. Suppose g + i = 5*a, -6*g + 5*g + 6620 = 5*a. What is the thousands digit of a?
1
Let g be (5 + 0 + -1)*145/(-5). Let u be ((-2)/4 + 0)*128. Let a = u - g. What is the tens digit of a?
5
Let h be (4 - 3)*1/((-1)/6). Let j(k) = -k**2 - 11*k - 29. Let n be j(h). What is the tens digit of (13 + n)/(11/99)?
2
Suppose 3*d + 3*b - 3228 = 0, -1071 = -2*d + b + 1066. Suppose d = 5*t - 459. What is the tens digit of t?
0
Suppose 3*s + 28 = 4*j - 0*s, 4*s + 35 = 5*j. Suppose -5*l = -j*l + 56. Let h = l - -21. What is the tens digit of h?
4
Let r(p) = -p**3 + 7*p**2 + 15*p - 52. Let m be r(8). Suppose 88 = 23*c - 21*c + d, 3*d - 174 = -m*c. What is the tens digit of c?
4
Let p = 1 - -18. Suppose -3*w + 3300 = p*w. What is the hundreds digit of w?
1
Suppose -4*z + 24 = 0, -14*z + 11*z = 5*m - 66328. What is the ten thousands digit of m?
1
Suppose -9*q + 642 = -2*w - 6*q, -3*q = 0. Let z = w - -499. What is the tens digit of z?
7
Suppose 255*v - 6973400 = 17*v. What is the ten thousands digit of v?
2
Let a(i) = 2*i**3 - 77*i**2 - 26*i + 55. Suppose -3*f = 6, 5*d - 2*d + 5*f = 107. What is the units digit of a(d)?
2
Let h(g) = g**2 + 14*g + 25. Let d 